5914 (base 13) to base 14
-1b549
16e (base 16) to base 2
101101110
3403134 (base 5) to base 12
2a72a
What is -5173 (base 13) in base 9?
-16377
13156 (base 7) to base 13
17aa
What is 25423 (base 9) in base 4?
10023120
-7234 (base 12) to base 16
-3088
What is -1100110100101 (base 2) in base 8?
-14645
What is -2532 (base 6) in base 7?
-1562
What is 7c8 (base 14) in base 7?
4341
Convert -567 (base 16) to base 11.
-1048
Convert -121330 (base 4) to base 5.
-23120
32440 (base 5) to base 9
3064
Convert 4402 (base 7) to base 16.
622
What is 135552 (base 6) in base 9?
18685
Convert -15661 (base 7) to base 9.
-6087
What is 52103 (base 6) in base 15?
20d6
Convert 231102 (base 5) to base 4.
2001111
Convert 4441 (base 6) to base 4.
100021
Convert 723 (base 8) to base 11.
395
Convert 13813 (base 11) to base 13.
8c0c
Convert 241 (base 7) to base 9.
151
What is -2bda (base 14) in base 9?
-11666
What is -10001100010 (base 2) in base 9?
-1476
What is -551 (base 11) in base 10?
-661
Convert -431133 (base 5) to base 13.
-6809
Convert -11311 (base 4) to base 13.
-229
8723 (base 9) to base 15
1d80
Convert 963 (base 10) to base 4.
33003
-14905 (base 11) to base 6
-241255
What is -53 (base 8) in base 6?
-111
What is -5799 (base 13) in base 3?
-121212100
What is d3 (base 15) in base 11?
170
14240 (base 10) to base 3
201112102
What is 13beb (base 15) in base 8?
173726
2423 (base 10) to base 9
3282
-20252 (base 6) to base 16
-a88
-51853 (base 9) to base 4
-20112312
-75a (base 13) to base 7
-3445
Convert 1111100111 (base 2) to base 9.
1330
-311010 (base 5) to base 10
-10130
Convert -250 (base 11) to base 15.
-14c
Convert -100010100 (base 2) to base 5.
-2101
What is bc9 (base 14) in base 13?
10a6
222211 (base 5) to base 7
31521
Convert -12210010 (base 3) to base 13.
-1bc3
Convert 1003131 (base 4) to base 2.
1000011011101
Convert -7671 (base 9) to base 12.
-3331
What is -ed4e (base 15) in base 2?
-1100010001001001
Convert 22255 (base 6) to base 11.
2397
7c5b (base 15) to base 14
98a7
What is -148 (base 11) in base 15?
-b8
220211021 (base 3) to base 10
18097
d7d1 (base 15) to base 10
45646
Convert 3550 (base 8) to base 16.
768
-12513 (base 7) to base 11
-2569
What is 797 (base 12) in base 9?
1477
Convert 1244 (base 12) to base 13.
c31
What is 2021 (base 8) in base 5?
13131
Convert 14b (base 15) to base 16.
128
What is 14634 (base 7) in base 4?
333330
What is -303 (base 5) in base 12?
-66
Convert 1210 (base 10) to base 8.
2272
1242 (base 8) to base 13
3cb
Convert 1a54 (base 13) to base 7.
14351
-25435 (base 6) to base 10
-3839
What is 505 (base 11) in base 12?
42a
42035 (base 6) to base 14
20ab
Convert 187 (base 11) to base 13.
138
What is b5b (base 13) in base 4?
132033
Convert 1b9 (base 16) to base 2.
110111001
-4024 (base 12) to base 3
-100112001
What is -10011101101000 (base 2) in base 10?
-10088
What is 5176 (base 8) in base 2?
101001111110
Convert -2242 (base 6) to base 7.
-1355
What is 26633 (base 7) in base 3?
100211212
Convert -1421211 (base 5) to base 14.
-aab2
-11100000100 (base 2) to base 8
-3404
What is 202 (base 12) in base 13?
194
-2530 (base 6) to base 13
-396
Convert 330 (base 10) to base 7.
651
120222110 (base 3) to base 15
36b9
Convert 9b5 (base 13) to base 6.
11421
-4144 (base 7) to base 14
-75b
2a3 (base 13) to base 16
1d7
Convert 250321 (base 7) to base 4.
23023111
-17b7c (base 13) to base 15
-d902
What is -11027 (base 8) in base 7?
-16334
Convert 11101000011101 (base 2) to base 9.
22360
-2124 (base 5) to base 12
-201
Convert 491 (base 12) to base 3.
221101
Convert -c (base 15) to base 7.
-15
What is 340 (base 5) in base 13?
74
456c (base 13) to base 6
113003
What is -101212 (base 3) in base 6?
-1205
Convert 4168 (base 12) to base 4.
1233200
Convert -23011 (base 5) to base 9.
-2212
What is 450 (base 6) in base 3?
20110
Convert 1136 (base 7) to base 6.
1535
-107c (base 13) to base 5
-33200
-263 (base 16) to base 13
-380
What is 54 (base 14) in base 7?
134
-e9 (base 15) to base 11
-18a
What is -4029 (base 10) in base 12?
-23b9
What is 53045 (base 9) in base 5?
2110113
Convert 156 (base 15) to base 8.
462
1033 (base 10) to base 15
48d
What is -47a (base 14) in base 7?
-2413
Convert -87d (base 15) to base 9.
-2561
What is -700 (base 9) in base 16?
-237
What is 110000101110001 (base 2) in base 6?
311253
Convert 16b1 (base 14) to base 13.
1b16
What is 24251 (base 6) in base 3?
11212211
What is 101332 (base 4) in base 5?
14100
-2022 (base 6) to base 15
-1eb
aa22 (base 15) to base 12
18a28
2222 (base 3) to base 2
1010000
Convert 1134 (base 5) to base 14.
c1
Convert -1064 (base 11) to base 16.
-579
What is -4102 (base 12) in base 2?
-1101110010010
-20041 (base 6) to base 4
-220321
-111101000111101 (base 2) to base 3
-1120221000
Convert -584 (base 13) to base 12.
-675
-40 (base 7) to base 15
-1d
3677 (base 12) to base 15
1c44
What is -101102121 (base 3) in base 4?
-1312303
Convert 3215 (base 9) to base 2.
100100111011
What is -111100100 (base 2) in base 9?
-587
What is -1161 (base 8) in base 2?
-1001110001
What is -323330 (base 4) in base 16?
-efc
588d (base 15) to base 11
13149
33032 (base 8) to base 13
63c5
What is -4215 (base 7) in base 16?
-5ca
12751 (base 8) to base 11
423a
What is 17887 (base 11) in base 5?
1300041
-21123 (base 4) to base 14
-311
Convert -24048 (base 9) to base 14.
-5c0a
11a2 (base 14) to base 3
11020011
Convert -303 (base 13) to base 2.
-111111110
-964 (base 10) to base 3
-1022201
-1001010110100 (base 2) to base 14
-1a60
What is -66928 (base 10) in base 12?
-32894
What is 1252 (base 9) in base 5?
12223
What is -22665 (base 12) in base 9?
-68825
Convert 1101122 (base 4) to base 3.
21010222
What is 24477 (base 9) in base 7?
65623
-1159 (base 10) to base 2
-10010000111
-20665 (base 11) to base 10
-30079
-760 (base 8) to base 14
-276
Convert -1003 (base 7) to base 8.
-532
What is 2404 (base 6) in base 2?
1001000100
523 (base 13) to base 16
36a
10122111100 (base 3) to base 7
416223
What is 7601 (base 8) in base 3?
12110000
What is 1338 (base 16) in base 14?
1b16
-312424 (base 6) to base 5
-1301331
-20064 (base 9) to base 4
-3031330
1498 (base 13) to base 11
2286
-121221 (base 3) to base 12
-321
Convert 11221021 (base 4) to base 7.
124246
Convert -11000 (base 2) to base 13.
-1b
Convert 2021 (base 7) to base 5.
10301
Convert -1608 (base 9) to base 14.
-635
Convert 212110 (base 3) to base 15.
2c3
What is 1486 (base 9) in base 2?
10001101011
Convert -34703 (base 9) to base 12.
-114a9
What is -2aac (base 13) in base 5?
-144401
What is -2354 (base 7) in base 14?
-464
-3073 (base 8) to base 5
-22340
Convert 4507 (base 14) to base 8.
27273
What is -1c9 (base 15) in base 11?
-347
What is 14f5 (base 16) in base 10?
5365
480 (base 13) to base 11
64a
What is -402650 (base 7) in base 6?
-1243535
Convert 1587 (base 10) to base 15.
70c
Convert 5232 (base 6) to base 4.
102110
Convert 6585 (base 13) to base 16.
3738
-1122101 (base 3) to base 8
-2256
What is -432 (base 13) in base 10?
-717
Convert -77 (base 11) to base 14.
-60
Convert -1000011010101101 (base 2) to base 12.
-17b51
Convert 745 (base 11) to base 16.
380
Convert -31223 (base 5) to base 12.
-123b
-112001200 (base 3) to base 12
-5b23
11c49 (base 14) to base 16
aa39
What is 6298 (base 11) in base 5?
231320
What is 10 (base 12) in base 13?
c
101001100001000 (base 2) to base 3
1002011021
What is -11414 (base 5) in base 15?
-3c4
What is -72 (base 13) in base 2?
-1011101
What is -236 (base 10) in base 14?
-12c
Convert 12377 (base 10) to base 2.
11000001011001
-130413 (base 6) to base 10
-11817
-1040 (base 9) to base 11
-636
What is -3366 (base 8) in base 5?
-24112
Convert -eb (base 16) to base 15.
-10a
Convert -5334 (base 7) to base 8.
-3537
1132 (base 5) to base 3
20012
What is 195 (base 11) in base 13?
144
143055 (base 6) to base 7
54530
100010011110101 (base 2) to base 15
536d
-131335 (base 6) to base 5
-341021
Convert 2001233 (base 4) to base 10.
8303
-58cb (base 16) to base 12
-111a3
493 (base 11) to base 3
210201
Convert -243060 (base 7) to base 4.
-22310001
Convert -1111110 (base 2) to base 14.
-90
What is 100100111110 (base 2) in base 4?
210332
Convert -62705 (base 8) to base 6.
-320341
What is -133 (base 8) in base 15?
-61
What is -101010000 (base 2) in base 5?
-2321
Convert -1353 (base 8) to 